{"id":4295,"date":"2016-12-14T10:25:27","date_gmt":"2016-12-14T09:25:27","guid":{"rendered":"http:\/\/ckpdobrzechow.edu.pl\/?page_id=4295"},"modified":"2016-12-14T10:38:58","modified_gmt":"2016-12-14T09:38:58","slug":"konferencja-szkoleniowa-w-centrum-ksztalcenia-praktycznego-w-dobrzechowie","status":"publish","type":"page","link":"https:\/\/ckzdobrzechow.edu.pl\/konferencja-szkoleniowa-w-centrum-ksztalcenia-praktycznego-w-dobrzechowie\/","title":{"rendered":"Konferencja szkoleniowa w Centrum Kszta\u0142cenia Praktycznego w Dobrzechowie"},"content":{"rendered":"<p style=\"text-align: center;\"><span style=\"text-decoration: underline; color: #ff0000;\"><strong>Konferencja szkoleniowa w Centrum Kszta\u0142cenia Praktycznego w Dobrzechowie<\/strong><\/span><\/p>\n<p style=\"text-align: justify;\"><strong>\u201eNowoczesne technologie w przemy\u015ble \u2013 mo\u017cliwo\u015bci pozyskania dofinansowania przez przedsi\u0119biorc\u00f3w\u201d to temat konferencji, kt\u00f3ra odby\u0142a si\u0119 1 grudnia 2016 r. w Centrum Kszta\u0142cenia Praktycznego w Dobrzechowie. Podczas szkolenia przybli\u017cono wiedz\u0119 z zakresu mo\u017cliwo\u015bci pozyskania dofinansowania z program\u00f3w unijnych na cele zwi\u0105zane z zastosowaniem innowacji i nowych technologii w przemy\u015ble. W konferencji zorganizowanej przez Mieleck\u0105 Agencj\u0119 Rozwoju Regionalnego MARR S.A. we wsp\u00f3\u0142pracy z Powiatowym Urz\u0119dem Pracy w Strzy\u017cowie oraz Centrum Kszta\u0142cenia Praktycznego w Dobrzechowie udzia\u0142 wzi\u0119\u0142o 50 przedsi\u0119biorc\u00f3w z terenu powiatu strzy\u017cowskiego.<\/strong><\/p>\n<p style=\"text-align: justify;\"><a href=\"https:\/\/ckzdobrzechow.edu.pl\/wp-content\/uploads\/2016\/12\/P1000693.jpg\"><img loading=\"lazy\" class=\"aligncenter wp-image-4297\" style=\"float: left; margin: 6px;\" src=\"https:\/\/ckzdobrzechow.edu.pl\/wp-content\/uploads\/2016\/12\/P1000693.jpg\" alt=\"p1000693\" width=\"200\" height=\"150\" srcset=\"https:\/\/ckzdobrzechow.edu.pl\/wp-content\/uploads\/2016\/12\/P1000693.jpg 2000w, https:\/\/ckzdobrzechow.edu.pl\/wp-content\/uploads\/2016\/12\/P1000693-300x225.jpg 300w, https:\/\/ckzdobrzechow.edu.pl\/wp-content\/uploads\/2016\/12\/P1000693-1024x768.jpg 1024w\" sizes=\"(max-width: 200px) 100vw, 200px\" \/><\/a>Konferencj\u0119 otworzy\u0142 Pan Jan Stodolak Wicestarosta Strzy\u017cowski, kt\u00f3ry powita\u0142 zebranych, a nast\u0119pnie przedstawi\u0142 dzia\u0142ania samorz\u0105du powiatowego w zakresie dostosowania kszta\u0142cenia zawodowego do potrzeb pracodawc\u00f3w i rynku pracy. Pan Wicestarosta zach\u0119ca\u0142 tak\u017ce przedsi\u0119biorc\u00f3w do pozyskiwania wsparcia finansowego z r\u00f3\u017cnych program\u00f3w unijnych, maj\u0105cego wp\u0142yw na rozw\u00f3j ich firm.<\/p>\n<p style=\"text-align: justify;\"><a href=\"https:\/\/ckzdobrzechow.edu.pl\/wp-content\/uploads\/2016\/12\/P1000700.jpg\"><img loading=\"lazy\" class=\"aligncenter wp-image-4299\" style=\"float: right; margin: 6px;\" src=\"https:\/\/ckzdobrzechow.edu.pl\/wp-content\/uploads\/2016\/12\/P1000700.jpg\" alt=\"p1000700\" width=\"200\" height=\"150\" srcset=\"https:\/\/ckzdobrzechow.edu.pl\/wp-content\/uploads\/2016\/12\/P1000700.jpg 2000w, https:\/\/ckzdobrzechow.edu.pl\/wp-content\/uploads\/2016\/12\/P1000700-300x225.jpg 300w, https:\/\/ckzdobrzechow.edu.pl\/wp-content\/uploads\/2016\/12\/P1000700-1024x768.jpg 1024w\" sizes=\"(max-width: 200px) 100vw, 200px\" \/><\/a><\/p>\n<p style=\"text-align: justify;\">Jako drugi w kolejno\u015bci g\u0142os zabra\u0142 Kierownik Zespo\u0142u Transferu Technologii i Innowacji Agencji Rozwoju Regionalnego MARR S.A. Micha\u0142 Wielgos, kt\u00f3ry szczeg\u00f3\u0142owo om\u00f3wi\u0142 mo\u017cliwo\u015bci wsparcia rozwoju przedsi\u0119biorstw. Wyst\u0105pienie prelegenta obejmowa\u0142o nast\u0119puj\u0105c\u0105 tematyk\u0119: nowoczesne technologie \u2013 mo\u017cliwo\u015bci pozyskania dofinansowania przez przedsi\u0119biorc\u00f3w, innowacje, nowe technologie w przemy\u015ble \u2013 czym s\u0105 i jak pozyska\u0107 na nie dofinansowanie oraz formy dofinansowania dzia\u0142alno\u015bci inwestycyjnej i badawczo-rozwojowej.<\/p>\n<p style=\"text-align: justify;\"><a href=\"https:\/\/ckzdobrzechow.edu.pl\/wp-content\/uploads\/2016\/12\/P1000720.jpg\"><img loading=\"lazy\" class=\"aligncenter wp-image-4301\" style=\"float: left; margin: 6px;\" src=\"https:\/\/ckzdobrzechow.edu.pl\/wp-content\/uploads\/2016\/12\/P1000720.jpg\" alt=\"p1000720\" width=\"200\" height=\"150\" srcset=\"https:\/\/ckzdobrzechow.edu.pl\/wp-content\/uploads\/2016\/12\/P1000720.jpg 2000w, https:\/\/ckzdobrzechow.edu.pl\/wp-content\/uploads\/2016\/12\/P1000720-300x225.jpg 300w, https:\/\/ckzdobrzechow.edu.pl\/wp-content\/uploads\/2016\/12\/P1000720-1024x768.jpg 1024w\" sizes=\"(max-width: 200px) 100vw, 200px\" \/><\/a>Nast\u0119pnie Pan Marcin Bosek, w\u0142a\u015bciciel firmy \u201eModern Forms\u201d podzieli\u0142 si\u0119 z zebranymi swoim do\u015bwiadczeniem zwi\u0105zanym z pozyskaniem \u015brodk\u00f3w unijnych, z kt\u00f3rych korzysta\u0142a i korzysta nadal jego firma tj. z Regionalnego Programu Operacyjnego Wojew\u00f3dztwa Podkarpackiego, O\u015b priorytetowa 1. Konkurencyjna i innowacyjna gospodarka, 1.4.1 Wsparcie M\u015aP. W toku prezentacji uczestnicy konferencji mogli m.in. zapozna\u0107 si\u0119 z problemami, z jakimi spotka\u0142a si\u0119 jego firma w trakcie ubiegania si\u0119 o finansowanie oraz kierunkami jej rozwoju. Dzi\u0119ki programom unijnym oraz w oparciu o w\u0142asne prace badawczo-rozwojowe firma wdro\u017cy\u0142a na rynek europejski innowacyjne produkty, jakim s\u0105 medale okoliczno\u015bciowe o wysokiej rozdzielczo\u015bci teksturowania przestrzennego nadruku 2,5 D oraz 3D. Uczestnicy szkolenia mogli pozna\u0107 do\u015bwiadczenia firmy \u201eModern Forms\u201d, maj\u0105cej ju\u017c du\u017c\u0105 praktyk\u0119 w pozyskiwaniu funduszy europejskich na wdra\u017canie innowacyjnych rozwi\u0105za\u0144 oraz nowoczesnych technologii.<\/p>\n<p style=\"text-align: justify;\"><a href=\"https:\/\/ckzdobrzechow.edu.pl\/wp-content\/uploads\/2016\/12\/P1000729.jpg\"><img loading=\"lazy\" class=\"aligncenter wp-image-4302\" style=\"float: right; margin: 6px;\" src=\"https:\/\/ckzdobrzechow.edu.pl\/wp-content\/uploads\/2016\/12\/P1000729.jpg\" alt=\"p1000729\" width=\"200\" height=\"150\" srcset=\"https:\/\/ckzdobrzechow.edu.pl\/wp-content\/uploads\/2016\/12\/P1000729.jpg 2000w, https:\/\/ckzdobrzechow.edu.pl\/wp-content\/uploads\/2016\/12\/P1000729-300x225.jpg 300w, https:\/\/ckzdobrzechow.edu.pl\/wp-content\/uploads\/2016\/12\/P1000729-1024x768.jpg 1024w\" sizes=\"(max-width: 200px) 100vw, 200px\" \/><\/a>Czwartym prelegentem konferencji by\u0142 Dyrektor Powiatowego Urz\u0119du Pracy w Strzy\u017cowie Pan Robert Ziemba, kt\u00f3ry w uj\u0119ciu syntetycznym przedstawi\u0142 dane statystyczne, dotycz\u0105ce instrument\u00f3w uruchamianych przez Urz\u0105d Pracy na rzecz przedsi\u0119biorc\u00f3w oraz om\u00f3wi\u0142 mo\u017cliwo\u015bci wsparcia finansowego podmiot\u00f3w gospodarczych przez Powiatowy Urz\u0105d Pracy w Strzy\u017cowie. Jednym z takich \u017ar\u00f3de\u0142 jest Krajowy Fundusz Szkoleniowy, b\u0119d\u0105cy nowym rozwi\u0105zaniem systemowym skierowanym do pracodawc\u00f3w i wspomagaj\u0105cym przekwalifikowanie lub aktualizacj\u0119 wiedzy i umiej\u0119tno\u015bci os\u00f3b pracuj\u0105cych. Ma on na celu zapobieganie utracie zatrudnienia przez osoby pracuj\u0105ce z powodu posiadania kompetencji nieadekwatnych do wymaga\u0144 dynamicznie zmieniaj\u0105cej si\u0119 gospodarki. Pewne mo\u017cliwo\u015bci daje przedsi\u0119biorcom r\u00f3wnie\u017c refundacja cz\u0119\u015bci koszt\u00f3w poniesionych na wynagrodzenia, nagrody i sk\u0142adki na ubezpieczenia spo\u0142eczne za zatrudnionych bezrobotnych do 30 roku \u017cycia. W ramach tego dzia\u0142ania pracodawcy, kt\u00f3rzy zatrudni\u0105 skierowan\u0105 osob\u0119 bezrobotn\u0105 do 30-tego roku \u017cycia, otrzymaj\u0105 przez okres 12 miesi\u0119cy refundacj\u0119 cz\u0119\u015bci koszt\u00f3w poniesionych na wynagrodzenia, nagrody oraz sk\u0142adki na ubezpieczenia spo\u0142eczne w kwocie okre\u015blonej w umowie, nie wy\u017cszej jednak ni\u017c kwota ustalona jako iloczyn liczby zatrudnionych skierowanych bezrobotnych w miesi\u0105cu oraz kwoty minimalnego wynagrodzenia za prac\u0119 obowi\u0105zuj\u0105cej w ostatnim dniu zatrudnienia ka\u017cdego rozliczanego miesi\u0105ca i sk\u0142adek na ubezpieczenia spo\u0142eczne od refundowanego wynagrodzenia.<\/p>\n<p style=\"text-align: justify;\"><a href=\"https:\/\/ckzdobrzechow.edu.pl\/wp-content\/uploads\/2016\/12\/P1000735.jpg\"><img loading=\"lazy\" class=\"aligncenter wp-image-4303\" style=\"float: left; margin: 6px;\" src=\"https:\/\/ckzdobrzechow.edu.pl\/wp-content\/uploads\/2016\/12\/P1000735.jpg\" alt=\"p1000735\" width=\"200\" height=\"150\" srcset=\"https:\/\/ckzdobrzechow.edu.pl\/wp-content\/uploads\/2016\/12\/P1000735.jpg 2000w, https:\/\/ckzdobrzechow.edu.pl\/wp-content\/uploads\/2016\/12\/P1000735-300x225.jpg 300w, https:\/\/ckzdobrzechow.edu.pl\/wp-content\/uploads\/2016\/12\/P1000735-1024x768.jpg 1024w\" sizes=\"(max-width: 200px) 100vw, 200px\" \/><\/a>Jako ostatni z prelegent\u00f3w g\u0142os zabra\u0142 Dyrektor Centrum Kszta\u0142cenia Praktycznego w Dobrzechowie, Pan Jan Sopel, kt\u00f3ry przedstawi\u0142 zasady funkcjonowania zarz\u0105dzanej przez siebie plac\u00f3wki. Zobrazowa\u0142 tak\u017ce obszary wsp\u00f3\u0142pracy Centrum z przemys\u0142em oraz zaprosi\u0142 przedsi\u0119biorc\u00f3w do wsp\u00f3\u0142dzia\u0142ania w rozszerzeniu program\u00f3w nauczania o tre\u015bci niezb\u0119dne dla potrzeb lokalnego przemys\u0142u, w organizacji praktyk zawodowych oraz dokszta\u0142cania pracownik\u00f3w. Przypomina\u0142 r\u00f3wnie\u017c o obowi\u0105zkach pracodawc\u00f3w wobec pracownik\u00f3w m\u0142odocianych.<\/p>\n<p style=\"text-align: justify;\"><a href=\"https:\/\/ckzdobrzechow.edu.pl\/wp-content\/uploads\/2016\/12\/P1000742.jpg\"><img loading=\"lazy\" class=\"aligncenter wp-image-4304\" style=\"float: right; margin: 6px;\" src=\"https:\/\/ckzdobrzechow.edu.pl\/wp-content\/uploads\/2016\/12\/P1000742.jpg\" alt=\"p1000742\" width=\"200\" height=\"150\" srcset=\"https:\/\/ckzdobrzechow.edu.pl\/wp-content\/uploads\/2016\/12\/P1000742.jpg 2000w, https:\/\/ckzdobrzechow.edu.pl\/wp-content\/uploads\/2016\/12\/P1000742-300x225.jpg 300w, https:\/\/ckzdobrzechow.edu.pl\/wp-content\/uploads\/2016\/12\/P1000742-1024x768.jpg 1024w\" sizes=\"(max-width: 200px) 100vw, 200px\" \/><\/a>Ca\u0142o\u015b\u0107 konferencji poprowadzi\u0142a Pani Agata Gadzia\u0142a, Kierownik Dzia\u0142u Us\u0142ug Rynku Pracy Powiatowego Urz\u0119du Pracy w Strzy\u017cowie. Podsumowuj\u0105c konferencj\u0119, prowadz\u0105ca przedstawi\u0142a problemy lokalnego rynku pracy, kt\u00f3ry podobnie jak ca\u0142o\u015b\u0107 gospodarki, podlega nieustannym zmianom. Jak m\u00f3wi\u0142a, sta\u0142e oraz trudne do przewidzenia fluktuacje powoduj\u0105, \u017ce zar\u00f3wno strona popytowa, jak i poda\u017cowa rynku nabiera indywidualnego, wyrazistego charakteru, naznaczonego specyfik\u0105 regionu. Uchwycenie i zrozumienie owej specyfiki to jedno z kluczowych wyzwa\u0144 dla instytucji rynku pracy, w konsekwencji czego powstaj\u0105 takie opracowania jak monitoring zawod\u00f3w deficytowych i nadwy\u017ckowych, kt\u00f3ry rokrocznie tworzony jest przez Powiatowy Urz\u0105d Pracy. Zawiera on badanie lokalnego rynku oraz prognozy opracowane na podstawie badania przedsi\u0119biorstw zr\u00f3\u017cnicowanych zar\u00f3wno pod wzgl\u0119dem specyfiki prowadzonej dzia\u0142alno\u015bci, jak i pod wzgl\u0119dem liczby zatrudnionych pracownik\u00f3w.<\/p>\n<p style=\"text-align: justify;\">Na koniec uczestnicy zostali zaproszeni do zwiedzenia Centrum Kszta\u0142cenia Praktycznego, w trakcie kt\u00f3rego zapoznali si\u0119 z wykorzystaniem innowacyjnych maszyn i urz\u0105dze\u0144 w procesie dydaktycznym.<\/p>\n<div id='gallery-1' class='gallery galleryid-4295 gallery-columns-3 gallery-size-thumbnail'><figure class='gallery-item'>\n\t\t\t<div class='gallery-icon landscape'>\n\t\t\t\t<a href='https:\/\/ckzdobrzechow.edu.pl\/p1000710\/'><img width=\"150\" height=\"150\" src=\"https:\/\/ckzdobrzechow.edu.pl\/wp-content\/uploads\/2016\/12\/P1000710-150x150.jpg\" class=\"attachment-thumbnail size-thumbnail\" alt=\"\" loading=\"lazy\" \/><\/a>\n\t\t\t<\/div><\/figure><figure class='gallery-item'>\n\t\t\t<div class='gallery-icon landscape'>\n\t\t\t\t<a href='https:\/\/ckzdobrzechow.edu.pl\/p1000695\/'><img width=\"150\" height=\"150\" src=\"https:\/\/ckzdobrzechow.edu.pl\/wp-content\/uploads\/2016\/12\/P1000695-150x150.jpg\" class=\"attachment-thumbnail size-thumbnail\" alt=\"\" loading=\"lazy\" \/><\/a>\n\t\t\t<\/div><\/figure><figure class='gallery-item'>\n\t\t\t<div class='gallery-icon landscape'>\n\t\t\t\t<a href='https:\/\/ckzdobrzechow.edu.pl\/konferencja-szkoleniowa-w-centrum-ksztalcenia-praktycznego-w-dobrzechowie\/p1000683\/'><img width=\"150\" height=\"150\" src=\"https:\/\/ckzdobrzechow.edu.pl\/wp-content\/uploads\/2016\/12\/P1000683-150x150.jpg\" class=\"attachment-thumbnail size-thumbnail\" alt=\"\" loading=\"lazy\" \/><\/a>\n\t\t\t<\/div><\/figure>\n\t\t<\/div>\n\n<p>[Inf. i zdj\u0119cie CKP w Dobrzechowie \u2013 oprac. Agnieszka Zieli\u0144ska]<\/p>\n<p>&nbsp;<\/p>\n","protected":false},"excerpt":{"rendered":"<p>Konferencja szkoleniowa w Centrum Kszta\u0142cenia Praktycznego w Dobrzechowie \u201eNowoczesne technologie w przemy\u015ble \u2013 mo\u017cliwo\u015bci pozyskania dofinansowania przez przedsi\u0119biorc\u00f3w\u201d to temat konferencji, kt\u00f3ra odby\u0142a si\u0119 1 grudnia 2016 r. w Centrum Kszta\u0142cenia Praktycznego w Dobrzechowie. Podczas szkolenia przybli\u017cono wiedz\u0119 z zakresu mo\u017cliwo\u015bci pozyskania dofinansowania z program\u00f3w unijnych na cele zwi\u0105zane z zastosowaniem innowacji i nowych technologii &hellip; <a href=\"https:\/\/ckzdobrzechow.edu.pl\/konferencja-szkoleniowa-w-centrum-ksztalcenia-praktycznego-w-dobrzechowie\/\" class=\"more-link\">Czytaj dalej <span class=\"screen-reader-text\">Konferencja szkoleniowa w Centrum Kszta\u0142cenia Praktycznego w Dobrzechowie<\/span> <span class=\"meta-nav\">&rarr;<\/span><\/a><\/p>\n","protected":false},"author":5,"featured_media":0,"parent":0,"menu_order":0,"comment_status":"closed","ping_status":"closed","template":"","meta":{"_mi_skip_tracking":false},"_links":{"self":[{"href":"https:\/\/ckzdobrzechow.edu.pl\/wp-json\/wp\/v2\/pages\/4295"}],"collection":[{"href":"https:\/\/ckzdobrzechow.edu.pl\/wp-json\/wp\/v2\/pages"}],"about":[{"href":"https:\/\/ckzdobrzechow.edu.pl\/wp-json\/wp\/v2\/types\/page"}],"author":[{"embeddable":true,"href":"https:\/\/ckzdobrzechow.edu.pl\/wp-json\/wp\/v2\/users\/5"}],"replies":[{"embeddable":true,"href":"https:\/\/ckzdobrzechow.edu.pl\/wp-json\/wp\/v2\/comments?post=4295"}],"version-history":[{"count":6,"href":"https:\/\/ckzdobrzechow.edu.pl\/wp-json\/wp\/v2\/pages\/4295\/revisions"}],"predecessor-version":[{"id":4313,"href":"https:\/\/ckzdobrzechow.edu.pl\/wp-json\/wp\/v2\/pages\/4295\/revisions\/4313"}],"wp:attachment":[{"href":"https:\/\/ckzdobrzechow.edu.pl\/wp-json\/wp\/v2\/media?parent=4295"}],"curies":[{"name":"wp","href":"https:\/\/api.w.org\/{rel}","templated":true}]}}