{"id":4673,"date":"2017-03-13T12:24:43","date_gmt":"2017-03-13T11:24:43","guid":{"rendered":"http:\/\/ckpdobrzechow.edu.pl\/?page_id=4673"},"modified":"2017-03-13T12:42:04","modified_gmt":"2017-03-13T11:42:04","slug":"rekrutacja-na-kwalifikacyjne-kursy-zawodowe","status":"publish","type":"page","link":"https:\/\/ckzdobrzechow.edu.pl\/rekrutacja-na-kwalifikacyjne-kursy-zawodowe\/","title":{"rendered":"Rekrutacja na Kwalifikacyjne Kursy Zawodowe"},"content":{"rendered":"<p style=\"text-align: center;\"><span style=\"color: #800080;\"><strong>Rekrutacja na Kwalifikacyjne Kursy Zawodowe<\/strong><\/span><\/p>\n<p style=\"text-align: center;\"><em><strong>Centrum Kszta\u0142cenia Praktycznego w Dobrzechowie<\/strong> <strong>oferuje<\/strong><\/em><br \/>\n<em><strong><span style=\"color: #ff0000;\">bezp\u0142atne<\/span><\/strong><\/em><br \/>\n<em><strong>Kursy Kwalifikacyjne w zawodach samochodowych<\/strong><\/em>,<\/p>\n<p style=\"text-align: center;\"><strong>\u00a0<span style=\"color: #3366ff;\">Rekrutacja trwa do 30.06.2017r !<\/span><\/strong><\/p>\n<p style=\"text-align: center;\"><strong>Nie zwlekaj, ju\u017c dzi\u015b zapisz si\u0119 na bezp\u0142atny kurs kwalifikacyjny!<\/strong><\/p>\n<p style=\"text-align: center;\"><strong>\u00a0<em>Zaj\u0119cia odbywa\u0107\u00a0 si\u0119 b\u0119d\u0105 w systemie zaocznym, \u00a0wieczorowym \u00a0lub stacjonarnym w zale\u017cno\u015bci od zebranej grupy.<\/em><\/strong><\/p>\n<p style=\"text-align: center;\"><strong><em>\u00a0<\/em><\/strong><strong><em>\u00a0DO WYBORU W ZAWODZIE SAMOCHODOWYM \u2013 KWALIFIKACJA :<\/em><\/strong><\/p>\n<ul>\n<li>\n<p style=\"text-align: justify;\"><strong>18. Diagnozowanie i naprawa podzespo\u0142\u00f3w i zespo\u0142\u00f3w pojazd\u00f3w samochodowych<br \/>\n<\/strong>(820 godz. \u2013 2 semestry w systemie stacjonarnym),<br \/>\n(533 godz. \u2013 2 semestry w systemie zaocznym).<\/p>\n<\/li>\n<li>\n<p style=\"text-align: justify;\"><strong>12. Diagnozowanie oraz naprawa elektrycznych i elektronicznych uk\u0142ad\u00f3w pojazd\u00f3w samochodowych<br \/>\n<\/strong>(420 godz. \u2013 2 semestry w systemie stacjonarnym),<br \/>\n(273 godz. \u2013 2 semestry w systemie zaocznym).<\/p>\n<\/li>\n<li>\n<p style=\"text-align: justify;\"><strong>42. Organizacja i prowadzenie procesu obs\u0142ugi pojazd\u00f3w samochodowych<br \/>\n<\/strong>(110 godz.- 1 semestr w systemie stacjonarnym),<br \/>\n(72 godz.- 1 semestr w systemie zaocznym).<\/p>\n<\/li>\n<\/ul>\n<p style=\"text-align: justify;\">Po zdaniu egzaminu z trzech w\/w kwalifikacji i uko\u0144czeniu wykszta\u0142cenia \u015bredniego og\u00f3lnego, kt\u00f3re mo\u017cna uzyska\u0107 w Zespole Szk\u00f3\u0142 Technicznych w Strzy\u017cowie ucz\u0119szczaj\u0105c do Liceum Og\u00f3lnokszta\u0142c\u0105cego dla Doros\u0142ych (zapisy ju\u017c trwaj\u0105). S\u0142uchacz kursu otrzyma z OKE dyplom uko\u0144czenia technikum w zawodzie technik pojazd\u00f3w samochodowych.<\/p>\n<p style=\"text-align: justify;\"><a href=\"https:\/\/ckzdobrzechow.edu.pl\/wp-content\/uploads\/2017\/03\/jpg1.jpg\"><img loading=\"lazy\" class=\"aligncenter size-full wp-image-4676\" src=\"https:\/\/ckzdobrzechow.edu.pl\/wp-content\/uploads\/2017\/03\/jpg1.jpg\" alt=\"jpg1\" width=\"688\" height=\"515\" srcset=\"https:\/\/ckzdobrzechow.edu.pl\/wp-content\/uploads\/2017\/03\/jpg1.jpg 688w, https:\/\/ckzdobrzechow.edu.pl\/wp-content\/uploads\/2017\/03\/jpg1-300x224.jpg 300w\" sizes=\"(max-width: 688px) 100vw, 688px\" \/><\/a><\/p>\n<p style=\"text-align: justify;\">Je\u017celi uko\u0144czy kwalifikacyjny kurs zawodowy tylko z kwalifikacji M18 i zda egzamin z\u00a0 kwalifikacji oraz posiada\/uko\u0144czy szko\u0142\u0119 zawodow\u0105 to uzyska dyplom wydany przez OKE w Krakowie w zawodzie mechanik pojazd\u00f3w samochodowych.<\/p>\n<p style=\"text-align: justify;\"><a href=\"https:\/\/ckzdobrzechow.edu.pl\/wp-content\/uploads\/2017\/03\/jpg21.jpg\"><img loading=\"lazy\" class=\"aligncenter size-full wp-image-4678\" src=\"https:\/\/ckzdobrzechow.edu.pl\/wp-content\/uploads\/2017\/03\/jpg21.jpg\" alt=\"jpg2\" width=\"686\" height=\"274\" srcset=\"https:\/\/ckzdobrzechow.edu.pl\/wp-content\/uploads\/2017\/03\/jpg21.jpg 686w, https:\/\/ckzdobrzechow.edu.pl\/wp-content\/uploads\/2017\/03\/jpg21-300x119.jpg 300w\" sizes=\"(max-width: 686px) 100vw, 686px\" \/><\/a><\/p>\n<p style=\"text-align: center;\"><strong>Warunki przyj\u0119cia na kursy kwalifikacyjne:<\/strong><\/p>\n<ul>\n<li>\n<p style=\"text-align: justify;\"><strong>uko\u0144czone 18 lat,<\/strong><\/p>\n<\/li>\n<li>\n<p style=\"text-align: justify;\"><strong>uko\u0144czone minimum gimnazjum lub o\u015bmioletnia szko\u0142a podstawowa,<\/strong><\/p>\n<\/li>\n<li>\n<p style=\"text-align: justify;\"><strong>z\u0142o\u017cenie kompletu dokument\u00f3w: formularz zg\u0142oszeniowy, kserokopia \u015bwiadectwa uko\u0144czenia szko\u0142y, za\u015bwiadczenie z OKE \u2013 absolwenci gimnazj\u00f3w za\u015bwiadczenie lekarskie o braku przeciwwskaza\u0144 do pracy w zawodzie, kserokopia dowodu osobistego. (niezb\u0119dne dokumenty mo\u017cna pobra\u0107 ze strony ckzdobrzechow.edu.pl &#8211; zak\u0142adka kwalifikacyjne kursy zawodowe<\/strong>)<\/p>\n<\/li>\n<\/ul>\n<p style=\"text-align: justify;\"><strong>Rekrutacja na kursy kwalifikacyjne prowadzona jest przez Centrum Kszta\u0142cenia Praktycznego Dobrzech\u00f3w 471 C \u00a0do dnia 15.08.2015 w sekretariacie Centrum.<\/strong><\/p>\n<p style=\"text-align: center;\"><span style=\"color: #0000ff;\"><strong>KONTAKT:<\/strong><\/span><\/p>\n<p style=\"text-align: center;\"><em><strong>Centrum Kszta\u0142cenia Praktycznego<\/strong><\/em><br \/>\n<em><strong> Dobrzech\u00f3w 471 C 38-100 Strzy\u017c\u00f3w<\/strong><\/em><br \/>\n<em><strong> tel.: <span style=\"color: #ff0000;\">(17)2760135 wewn. 110<\/span><\/strong><\/em><br \/>\n<em><strong> fax: <span style=\"color: #ff0000;\">(17)2760135 wewn. 128<\/span><\/strong><\/em><br \/>\n<em><strong> <a href=\"mailto:ckp.dobrzechow@gmail.com\">ckp.dobrzechow@gmail.com<\/a><\/strong><\/em><\/p>\n","protected":false},"excerpt":{"rendered":"<p>Rekrutacja na Kwalifikacyjne Kursy Zawodowe Centrum Kszta\u0142cenia Praktycznego w Dobrzechowie oferuje bezp\u0142atne Kursy Kwalifikacyjne w zawodach samochodowych, \u00a0Rekrutacja trwa do 30.06.2017r ! Nie zwlekaj, ju\u017c dzi\u015b zapisz si\u0119 na bezp\u0142atny kurs kwalifikacyjny! \u00a0Zaj\u0119cia odbywa\u0107\u00a0 si\u0119 b\u0119d\u0105 w systemie zaocznym, \u00a0wieczorowym \u00a0lub stacjonarnym w zale\u017cno\u015bci od zebranej grupy. \u00a0\u00a0DO WYBORU W ZAWODZIE SAMOCHODOWYM \u2013 KWALIFIKACJA : &hellip; <a href=\"https:\/\/ckzdobrzechow.edu.pl\/rekrutacja-na-kwalifikacyjne-kursy-zawodowe\/\" class=\"more-link\">Czytaj dalej <span class=\"screen-reader-text\">Rekrutacja na Kwalifikacyjne Kursy Zawodowe<\/span> <span class=\"meta-nav\">&rarr;<\/span><\/a><\/p>\n","protected":false},"author":5,"featured_media":0,"parent":0,"menu_order":0,"comment_status":"open","ping_status":"open","template":"","meta":{"_mi_skip_tracking":false},"_links":{"self":[{"href":"https:\/\/ckzdobrzechow.edu.pl\/wp-json\/wp\/v2\/pages\/4673"}],"collection":[{"href":"https:\/\/ckzdobrzechow.edu.pl\/wp-json\/wp\/v2\/pages"}],"about":[{"href":"https:\/\/ckzdobrzechow.edu.pl\/wp-json\/wp\/v2\/types\/page"}],"author":[{"embeddable":true,"href":"https:\/\/ckzdobrzechow.edu.pl\/wp-json\/wp\/v2\/users\/5"}],"replies":[{"embeddable":true,"href":"https:\/\/ckzdobrzechow.edu.pl\/wp-json\/wp\/v2\/comments?post=4673"}],"version-history":[{"count":5,"href":"https:\/\/ckzdobrzechow.edu.pl\/wp-json\/wp\/v2\/pages\/4673\/revisions"}],"predecessor-version":[{"id":4681,"href":"https:\/\/ckzdobrzechow.edu.pl\/wp-json\/wp\/v2\/pages\/4673\/revisions\/4681"}],"wp:attachment":[{"href":"https:\/\/ckzdobrzechow.edu.pl\/wp-json\/wp\/v2\/media?parent=4673"}],"curies":[{"name":"wp","href":"https:\/\/api.w.org\/{rel}","templated":true}]}}